s the greatest common factor of 3982 and w?
22
Let g be (-16348)/(-488) - 6*(-5)/20. Suppose -5*t = 10, -2*t - 39 = -q - 4*q. Calculate the greatest common divisor of q and g.
7
Let o(j) = j**2 + 19*j + 36. Let i = 117 - 134. Let q be o(i). What is the highest common divisor of q and 6?
2
Let k be (-1512)/9*(-1 - 5/(-7)). What is the highest common factor of k and 1782?
6
Suppose -2742 = -5*o - g, -5*o = -149*g + 147*g - 2736. Calculate the greatest common divisor of o and 2329.
137
Suppose 0 = -2*m - 2*k + 160, -3*k = -11 + 26. Calculate the highest common factor of m and 3315.
85
Let y = 593 - 476. What is the highest common factor of y and 325?
13
Let c be (-10 + 12)*(-1 - 0). Let d be (4/(-10))/(1666/840 + c). What is the highest common divisor of 9 and d?
3
Let r(a) = a**3 + a**2 + 656. Let i be r(0). Suppose -5*l + 2*g + i = 0, -l + 5*g + 139 = 17. Let p = 36 + -24. Calculate the highest common divisor of l and p.
12
Let m = 8 - 16. Let z = m - -20. Suppose 2990 - 1910 = 30*u + 15*u. What is the highest common factor of u and z?
12
Suppose 0 = 3*y + d - 3178, 4*d - 2378 = -4*y + 1870. What is the greatest common factor of y and 46?
46
Let z = -382 - -353. Let q(j) = -2*j**3 - 57*j**2 + 27*j + 57. Let o be q(z). Calculate the highest common factor of 69 and o.
23
Let w be 2/(18/27)*1/3. Let a(b) = 193*b - 3. Let q be a(w). What is the highest common divisor of 10 and q?
10
Suppose 2*b - 734 = -k, -3*b + 7*b - 28 = 0. What is the highest common divisor of k and 4140?
180
Let h = -14738 - -15336. What is the highest common divisor of h and 230?
46
Let d(p) = -p**3 - 21*p**2 - p - 23. Let n be d(-21). Let k be (2 + n - 9)*(1 - 2). Suppose 154 = -2*s + k*s. What is the highest common divisor of s and 11?
11
Let p(y) = 17*y - 23. Let k be (-5)/(-5) - -2*(-6)/(-4). Let m be p(k). What is the greatest common divisor of m and 360?
45
Let p(a) = a**2 - 3*a. Let g be p(3). Suppose m + g*m = 80. Let q be (-3 - (-5)/(-3))*(-1104)/644. Calculate the greatest common divisor of q and m.
8
Suppose -5*z + 3*v - 3183 + 3698 = 0, 3*z + 4*v - 280 = 0. Calculate the greatest common factor of 2780 and z.
20
Let i be (7/3)/(2/6). Suppose 2*r + 158 = o + 113, -171 = -2*o - 5*r. What is the highest common factor of i and o?
7
Let p(b) = -39*b + 3. Let z be p(-1). Suppose 4*i - 18 = z. Let w be (126/i)/(10/125). What is the greatest common divisor of 21 and w?
21
Let s be 76/13 + (-8 - (-212)/26). Suppose -4*x + 232 = -s*g + g, 2*x + 3*g = 116. Calculate the highest common divisor of x and 174.
58
Suppose 4439 - 3845 = 11*v. What is the highest common factor of v and 1341?
9
Let v(r) = -r**3 + 8*r**2 + 20*r - 8. Let g be v(10). Let j be (-2 + 22)/(g/(-36)). Let h = 223 - j. Calculate the greatest common divisor of 19 and h.
19
Let l = -4745 + 4929. Calculate the highest common factor of l and 32.
8
Let d(g) = -122*g**3 - 5*g - 5. Suppose 2*a + 6*w - 9*w - 7 = 0, -3*a - 4*w - 15 = 0. Let x be d(a). What is the greatest common factor of 2 and x?
2
Let g(i) = 315*i**3 - 2*i**2 + 2*i - 1. Let k be g(1). Let d = 342 - k. Calculate the highest common factor of d and 84.
28
Suppose 2*a = -2*w + 1434 - 526, -4*a = 3*w - 1368. Calculate the highest common divisor of w and 128.
64
Let t = 5386 + -5181. Calculate the highest common divisor of 943 and t.
41
Let w = -883 + 1520. Calculate the greatest common divisor of w and 117.
13
Let l be 2968/22 + -15 + 2822/187. Calculate the highest common divisor of 15 and l.
15
Let p = 137 - 134. Suppose 258 = 3*m + p*n, 4*m + 3*n - 4*n = 334. What is the greatest common factor of m and 70?
14
Let m(n) be the third derivative of 1/60*n**5 + 5/24*n**4 + 8*n**2 + 0 + 0*n - 13/3*n**3. Let f be m(6). What is the greatest common factor of f and 10?
10
Let c be (432/60 + -4)*(-3 + 8). What is the highest common divisor of 1388 and c?
4
Suppose 0 = 5*z - 105*m + 102*m - 7354, 2*z + m = 2946. What is the greatest common divisor of 64 and z?
64
Suppose -13*f + 41 + 89 = 0. Let y = 518 - 198. Calculate the greatest common factor of y and f.
10
Let r = 49 - 24. Suppose 90 = 30*a - r*a. Calculate the greatest common divisor of 198 and a.
18
Suppose 2*t + 3*t = 30. Suppose 3 = p - t. Let h be 1/3 + (1140/p - 1). Calculate the greatest common factor of h and 42.
42
Suppose -179 = -3*d + 2*d. Suppose 0 = -2*o + w + 130, 83*o - 71 = 82*o - w. Suppose -7*c - o = -d. What is the greatest common factor of 40 and c?
8
Let a = 237 - 50. Let x be (-4)/10*-5 - -20. Calculate the greatest common factor of a and x.
11
Let s be 20/2*(-3)/2. Let o(q) = -20*q - 270. Let z be o(s). Let a be ((-4)/2)/(2/(-20)). What is the highest common divisor of z and a?
10
Let u(g) = -g**2 - 3*g + 106. Let a be u(8). Calculate the greatest common divisor of 135 and a.
9
Suppose 5*l + 8053 - 21948 = -5*q, -3*l + 5*q = -8305. Calculate the highest common divisor of l and 37.
37
Suppose -3*y + 1233*m - 1229*m = -448, -5*y = -4*m - 736. Calculate the greatest common divisor of y and 4680.
72
Suppose 2430 = -7*h + 309. Let x = h + 306. What is the highest common divisor of 6 and x?
3
Let h = -115 + 135. Suppose 4*j - 178 = -5*f, f = 2*j + 10 + h. Calculate the highest common divisor of f and 4.
2
Let i(y) = 2*y**3 + 28*y**2 + 7*y - 19. Let d be i(-13). Suppose 3*h - d = -3*n, 4*n + 330 = 5*h - 23. What is the greatest common factor of 219 and h?
73
Let p be (-10 - 2)*(-42)/4. Let l be 22/(-6)*-3*10. Let d = 124 - l. What is the greatest common factor of d and p?
14
Let q be (-50 + 53)/((1/(-2))/((-364)/8)). Let i(z) = -152*z**2 - z. Let r be i(1). Let j = r + q. Calculate the greatest common divisor of 24 and j.
24
Let y be (-9)/45 - (-82)/10. Suppose -j - 6 = -y. Let t(l) = l**3 + 10*l**2 - 23*l + 13. Let o be t(-12). Calculate the highest common factor of o and j.
1
Let f be (45/10)/(81/(-24) - -3). Let c be f/36 - 424/(-12). Calculate the greatest common divisor of c and 315.
35
Suppose 0 = -0*k + k, -22 = -5*j - 2*k + 48. Suppose -2*w + 378 = w. What is the highest common divisor of w and j?
14
Let p = 86 + -74. Suppose 0 = 4*v + 3*w - 180, -p*w = -13*w. Let x be (4 - 3) + 2 + v. Calculate the highest common factor of x and 432.
48
Suppose 10 = 5*j + 5*f, -2 = -3*j - 5*f - 0. Suppose -j*s + 15 = s. Let q(g) = -g**2 + 14*g. Let v be q(12). What is the greatest common divisor of s and v?
3
Suppose -3*j = -4*a + 11967 - 4030, 5*a + 5*j - 9965 = 0. Calculate the highest common factor of 336 and a.
28
Let o = 264 + -89. Let k(q) = q. Let x be k(-4). Let s be (-24)/(120/(-10))*(-70)/x. Calculate the greatest common divisor of s and o.
35
Let x be (-57)/(-76)*(-16)/(-6). Let m be (11/(-3) - x/(-3)) + 31. Let t = 11 + -4. Calculate the highest common divisor of t and m.
7
Let j be 0/(0 - 2 - -3). Suppose -3*l + 14 + 28 = j. Suppose 4461 + 33 = 27*x + 187*x. Calculate the greatest common factor of l and x.
7
Let w(p) = p + 3. Let u be w(0). Let y = -38 - -40. Suppose -y*a + a - 1 = -5*r, -4*a + 28 = -4*r. What is the highest common factor of a and u?
3
Let w be (5/(-10))/(2/(-28)). Let j(n) = w + 0*n**2 - 26*n - 3*n**2 + 2*n**2. Let y be j(-7). What is the greatest common factor of y and 20?
20
Suppose 0 = 7*q - 10*q + 2*x + 131, 4*q + 5*x = 213. Calculate the highest common factor of q and 20821.
47
Let l be ((-429)/(-9))/(2/(-12)) - -5. Let j = -249 - l. What is the greatest common divisor of j and 80?
16
Suppose 0 = 4*u - 4*q + 26 - 6, -4*u + 2*q = 10. Suppose u = -87*y + 80*y + 161. What is the highest common factor of y and 207?
23
Let z(h) = 20*h - 92. Let i(y) = 7*y - 30. Let g(t) = 17*i(t) - 6*z(t). Let b be g(-9). What is the greatest common factor of 34 and b?
17
Suppose -74*o + 18009 = -45*o. Calculate the greatest common factor of 24 and o.
3
Let x(b) = 4*b - 32 - 5*b**2 + b**3 + 80 - 8*b**2. Let s be x(15). Calculate the highest common divisor of s and 62.
62
Let x be 2912640/3885 - ((-9)/7 - -1). Calculate the highest common factor of 165 and x.
15
Let c be (-3)/((-10)/4 - 2201/(-899)). Let l = 701 + -359. Let t = l + -168. What is the greatest common factor of c and t?
58
Suppose 3*b + 504 = -66. Let s be ((0 - -4) + b)/((-20)/90). What is the greatest common divisor of s and 31?
31
Let g be (46/92)/(2/120)*30/3. Calculate the greatest common divisor of 475 and g.
25
